{"id":5617,"date":"2014-04-14T10:04:04","date_gmt":"2014-04-14T08:04:04","guid":{"rendered":"http:\/\/p28.fo7946.alfahosting.org\/?page_id=5617"},"modified":"2025-12-30T13:01:47","modified_gmt":"2025-12-30T11:01:47","slug":"umgebung-kultur","status":"publish","type":"page","link":"https:\/\/flaesheim.freizeit-oasen.de\/umgebung-kultur\/","title":{"rendered":"Umgebung Kultur"},"content":{"rendered":"<div class=\"xzqv-fullwidth fullwidth-box xzqv-builder-row-1 hundred-percent-fullwidth non-hundred-percent-height-scrolling\" style=\"--awb-border-radius-top-left:0px;--awb-border-radius-top-right:0px;--awb-border-radius-bottom-right:0px;--awb-border-radius-bottom-left:0px;--awb-overflow:visible;--awb-flex-wrap:wrap;\" ><div class=\"xzqv-builder-row xzqv-row\"><div class=\"xzqv-layout-column xzqv_builder_column xzqv-builder-column-0 xzqv_builder_column_1_3 1_3 xzqv-one-third xzqv-column-first\" style=\"--awb-bg-size:cover;width:33.333333333333%;width:calc(33.333333333333% - ( ( 4% ) * 0.33333333333333 ) );margin-right: 4%;\"><div class=\"xzqv-column-wrapper xzqv-flex-column-wrapper-legacy\"><img decoding=\"async\" class=\"alignleft size-full wp-image-6078\" alt=\"Das geteilte Bild zeigt ein helles historisches Geb\u00e4ude mit gew\u00f6lbten Eing\u00e4ngen, Fenstern, einer Uhr und einem Treppengiebel vor einem klaren blauen Himmel.\" src=\"https:\/\/flaesheim.freizeit-oasen.de\/fo-uploads\/2014\/04\/Altes-Rathaus.jpg\" width=\"200\" height=\"101\" \/><\/p>\n<div class=\"xzqv-clearfix\"><\/div><\/div><\/div>\n<div class=\"xzqv-layout-column xzqv_builder_column xzqv-builder-column-1 xzqv_builder_column_2_3 2_3 xzqv-two-third xzqv-column-last\" style=\"--awb-bg-size:cover;width:66.666666666667%;width:calc(66.666666666667% - ( ( 4% ) * 0.66666666666667 ) );\"><div class=\"xzqv-column-wrapper xzqv-flex-column-wrapper-legacy\">\n<h3>Altes Rathaus und Marktbrunnen<\/h3>\n<p>Altes Rathaus und Marktbrunnen<\/p>\n<p>Das Alte Rathaus wurde in den Jahren 1575 bis 1577 mit geschwungenen Renaissancegiebeln errichtet. Nach dem Krieg wurde es nach fast v\u00f6lliger Zerst\u00f6rung in vereinfachter Form wieder aufgebaut. Seit der Innenrenovierung in den Jahren 1996 bis 1998 beherbergt es heute das Standesamt und die Tourist-Information.\u00a0<div class=\"xzqv-clearfix\"><\/div><\/div><\/div>\n<div class=\"xzqv-layout-column xzqv_builder_column xzqv-builder-column-2 xzqv_builder_column_1_1 1_1 xzqv-one-full xzqv-column-first xzqv-column-last xzqv-column-no-min-height\" style=\"--awb-bg-size:cover;--awb-margin-bottom:0px;\"><div class=\"xzqv-column-wrapper xzqv-flex-column-wrapper-legacy\"><div class=\"xzqv-sep-clear\"><\/div><div class=\"xzqv-separator xzqv-full-width-sep\" style=\"margin-left: auto;margin-right: auto;margin-top:21px;margin-bottom:21px;width:100%;\"><div class=\"xzqv-separator-border sep-single\" style=\"--awb-height:20px;--awb-amount:20px;border-color:var(--awb-color6);border-top-width:1px;\"><\/div><\/div><div class=\"xzqv-sep-clear\"><\/div>\n<div class=\"xzqv-clearfix\"><\/div><\/div><\/div><div class=\"xzqv-layout-column xzqv_builder_column xzqv-builder-column-3 xzqv_builder_column_1_3 1_3 xzqv-one-third xzqv-column-first\" style=\"--awb-bg-size:cover;width:33.333333333333%;width:calc(33.333333333333% - ( ( 4% ) * 0.33333333333333 ) );margin-right: 4%;\"><div class=\"xzqv-column-wrapper xzqv-flex-column-wrapper-legacy\"><img decoding=\"async\" class=\"alignleft size-full wp-image-6079\" alt=\"Zwei Fotos nebeneinander zeigen denselben runden Backsteinturm: eines bei Nacht, beleuchtet von Lichtern, und eines am Tag bei nat\u00fcrlichem Licht.\" src=\"https:\/\/flaesheim.freizeit-oasen.de\/fo-uploads\/2014\/04\/Siebenteufelsturm.jpg\" width=\"200\" height=\"101\" \/><\/p>\n<div class=\"xzqv-clearfix\"><\/div><\/div><\/div>\n<div class=\"xzqv-layout-column xzqv_builder_column xzqv-builder-column-4 xzqv_builder_column_2_3 2_3 xzqv-two-third xzqv-column-last\" style=\"--awb-bg-size:cover;width:66.666666666667%;width:calc(66.666666666667% - ( ( 4% ) * 0.66666666666667 ) );\"><div class=\"xzqv-column-wrapper xzqv-flex-column-wrapper-legacy\">\n<h3>Siebenteufelsturm<\/h3>\n<p>Als Zeugnis der Geschichte stehen ein Rest der Stadtmauer aus dem 16. Jahrhundert und der &#8222;Siebenteufelsturm&#8220;, der im Jahre 1502 erbaut wurde. Seit 1996 wird das Monument im Rahmen der Aktion &#8222;Lichtzeichen&#8220; in den Herbst-\/Wintermonaten in au\u00dfergew\u00f6hnlicher, attraktiver Weise illuminiert. Der Teich mit dem &#8222;Holzweg&#8220; erinnert heute an den alten Stadtgraben, der einst die ganze Stadt umschloss und aus der Lippe gespeist wurde.<\/p>\n<p><span class=\"partner_link\"><div class=\"xzqv-clearfix\"><\/div><\/div><\/div><\/span><\/p>\n<div class=\"xzqv-layout-column xzqv_builder_column xzqv-builder-column-5 xzqv_builder_column_1_1 1_1 xzqv-one-full xzqv-column-first xzqv-column-last xzqv-column-no-min-height\" style=\"--awb-bg-size:cover;--awb-margin-bottom:0px;\"><div class=\"xzqv-column-wrapper xzqv-flex-column-wrapper-legacy\"><div class=\"xzqv-sep-clear\"><\/div><div class=\"xzqv-separator xzqv-full-width-sep\" style=\"margin-left: auto;margin-right: auto;margin-top:21px;margin-bottom:21px;width:100%;\"><div class=\"xzqv-separator-border sep-single\" style=\"--awb-height:20px;--awb-amount:20px;border-color:var(--awb-color6);border-top-width:1px;\"><\/div><\/div><div class=\"xzqv-sep-clear\"><\/div>\n<div class=\"xzqv-clearfix\"><\/div><\/div><\/div><div class=\"xzqv-layout-column xzqv_builder_column xzqv-builder-column-6 xzqv_builder_column_1_3 1_3 xzqv-one-third xzqv-column-first\" style=\"--awb-bg-size:cover;width:33.333333333333%;width:calc(33.333333333333% - ( ( 4% ) * 0.33333333333333 ) );margin-right: 4%;\"><div class=\"xzqv-column-wrapper xzqv-flex-column-wrapper-legacy\"><img decoding=\"async\" class=\"alignleft size-full wp-image-6081\" alt=\"Ein modernes Glasgeb\u00e4ude mit schr\u00e4gem Dach und Metallger\u00fcst, umgeben von Gras und B\u00e4umen, mit einer kleinen Fu\u00dfg\u00e4ngerbr\u00fccke \u00fcber einen Graben davor.\" src=\"https:\/\/flaesheim.freizeit-oasen.de\/fo-uploads\/2014\/04\/LWL_Roemermuseum.jpg\" width=\"290\" height=\"210\" \/><\/p>\n<div class=\"xzqv-clearfix\"><\/div><\/div><\/div>\n<div class=\"xzqv-layout-column xzqv_builder_column xzqv-builder-column-7 xzqv_builder_column_2_3 2_3 xzqv-two-third xzqv-column-last\" style=\"--awb-bg-size:cover;width:66.666666666667%;width:calc(66.666666666667% - ( ( 4% ) * 0.66666666666667 ) );\"><div class=\"xzqv-column-wrapper xzqv-flex-column-wrapper-legacy\">\n<h3>LWL-R\u00f6mermuseum<\/h3>\n<p>Vor etwa 2000 Jahren geriet der heutige westf\u00e4lische Raum in den Blickpunkt der Weltgeschichte, als r\u00f6mische Truppen die Lippe aufw\u00e4rts marschierten. Ergebnisse aus fast 100 Jahre arch\u00e4ologischer Forschung sind heute im LWL-R\u00f6mermuseum in Haltern am See zu erleben. Die Exponate, nicht mehr in ihrem urspr\u00fcnglichen historischen Zusammenhang verf\u00fcgbar, ergeben im Kontext mit Abbildungen, erl\u00e4uternden Texten und Modellen ein lebendiges Bild der Zeit um Christi Geburt in unserem Raum.<\/p>\n<p>Frei aufgestellte Gro\u00dfexponate und Rekonstruktionen wichtiger Fundzusammenh\u00e4nge erg\u00e4nzen die Exponate in den Vitrinen. Texte antiker Schriftsteller vermitteln ein Bild der Germanen in jener Zeit. Tonprogramme und Videos lassen den Besucher teilnehmen an Ereignissen, die damals die Welt bewegten.<br \/>\n<span class=\"partner_open\">\u00d6ffnungszeiten: dienstags-freitags 9-17 Uhr, samstags u. sonntags 10-18 Uhr<br \/>\n<\/span><\/p>\n<p><span class=\"partner_adress\"><strong>LWL &#8211; R\u00f6mermuseum<\/strong><br \/>\nWeseler Stra\u00dfe 100<br \/>\n45721 Haltern am See<br \/>\nTel. +49 (0) 236409376-0<\/span><\/p>\n<p>Website: <a href=\"http:\/\/www.lwl-roemermuseum-haltern.de\">www.lwl-roemermuseum-haltern.de<\/a><div class=\"xzqv-clearfix\"><\/div><\/div><\/div><\/div><\/div>\n","protected":false},"excerpt":{"rendered":"","protected":false},"author":1,"featured_media":0,"parent":0,"menu_order":0,"comment_status":"open","ping_status":"open","template":"","meta":{"footnotes":""},"class_list":["post-5617","page","type-page","status-publish","hentry"],"_links":{"self":[{"href":"https:\/\/flaesheim.freizeit-oasen.de\/api-json\/wp\/v2\/pages\/5617","targetHints":{"allow":["GET"]}}],"collection":[{"href":"https:\/\/flaesheim.freizeit-oasen.de\/api-json\/wp\/v2\/pages"}],"about":[{"href":"https:\/\/flaesheim.freizeit-oasen.de\/api-json\/wp\/v2\/types\/page"}],"author":[{"embeddable":true,"href":"https:\/\/flaesheim.freizeit-oasen.de\/api-json\/wp\/v2\/users\/1"}],"replies":[{"embeddable":true,"href":"https:\/\/flaesheim.freizeit-oasen.de\/api-json\/wp\/v2\/comments?post=5617"}],"version-history":[{"count":13,"href":"https:\/\/flaesheim.freizeit-oasen.de\/api-json\/wp\/v2\/pages\/5617\/revisions"}],"predecessor-version":[{"id":6661,"href":"https:\/\/flaesheim.freizeit-oasen.de\/api-json\/wp\/v2\/pages\/5617\/revisions\/6661"}],"wp:attachment":[{"href":"https:\/\/flaesheim.freizeit-oasen.de\/api-json\/wp\/v2\/media?parent=5617"}],"curies":[{"name":"wp","href":"https:\/\/api.w.org\/{rel}","templated":true}]}}

<div class="xzqv-fullwidth fullwidth-box xzqv-builder-row-1 hundred-percent-fullwidth non-hundred-percent-height-scrolling" style="--awb-border-radius-top-left:0px;--awb-border-radius-top-right:0px;--awb-border-radius-bottom-right:0px;--awb-border-radius-bottom-left:0px;--awb-overflow:visible;--awb-flex-wrap:wrap;" ><div class="xzqv-builder-row xzqv-row"><div class="xzqv-layout-column xzqv_builder_column xzqv-builder-column-0 xzqv_builder_column_1_3 1_3 xzqv-one-third xzqv-column-first" style="--awb-bg-size:cover;width:33.333333333333%;width:calc(33.333333333333% - ( ( 4% ) * 0.33333333333333 ) );margin-right: 4%;"><div class="xzqv-column-wrapper xzqv-flex-column-wrapper-legacy"><img decoding="async" class="alignleft size-full wp-image-6078" alt="Das geteilte Bild zeigt ein helles historisches Gebäude mit gewölbten Eingängen, Fenstern, einer Uhr und einem Treppengiebel vor einem klaren blauen Himmel." src="https://flaesheim.freizeit-oasen.de/fo-uploads/2014/04/Altes-Rathaus.jpg" width="200" height="101" /></p>
<div class="xzqv-clearfix"></div></div></div>
<div class="xzqv-layout-column xzqv_builder_column xzqv-builder-column-1 xzqv_builder_column_2_3 2_3 xzqv-two-third xzqv-column-last" style="--awb-bg-size:cover;width:66.666666666667%;width:calc(66.666666666667% - ( ( 4% ) * 0.66666666666667 ) );"><div class="xzqv-column-wrapper xzqv-flex-column-wrapper-legacy">
<h3>Altes Rathaus und Marktbrunnen</h3>
<p>Altes Rathaus und Marktbrunnen</p>
<p>Das Alte Rathaus wurde in den Jahren 1575 bis 1577 mit geschwungenen Renaissancegiebeln errichtet. Nach dem Krieg wurde es nach fast völliger Zerstörung in vereinfachter Form wieder aufgebaut. Seit der Innenrenovierung in den Jahren 1996 bis 1998 beherbergt es heute das Standesamt und die Tourist-Information. <div class="xzqv-clearfix"></div></div></div>
<div class="xzqv-layout-column xzqv_builder_column xzqv-builder-column-2 xzqv_builder_column_1_1 1_1 xzqv-one-full xzqv-column-first xzqv-column-last xzqv-column-no-min-height" style="--awb-bg-size:cover;--awb-margin-bottom:0px;"><div class="xzqv-column-wrapper xzqv-flex-column-wrapper-legacy"><div class="xzqv-sep-clear"></div><div class="xzqv-separator xzqv-full-width-sep" style="margin-left: auto;margin-right: auto;margin-top:21px;margin-bottom:21px;width:100%;"><div class="xzqv-separator-border sep-single" style="--awb-height:20px;--awb-amount:20px;border-color:var(--awb-color6);border-top-width:1px;"></div></div><div class="xzqv-sep-clear"></div>
<div class="xzqv-clearfix"></div></div></div><div class="xzqv-layout-column xzqv_builder_column xzqv-builder-column-3 xzqv_builder_column_1_3 1_3 xzqv-one-third xzqv-column-first" style="--awb-bg-size:cover;width:33.333333333333%;width:calc(33.333333333333% - ( ( 4% ) * 0.33333333333333 ) );margin-right: 4%;"><div class="xzqv-column-wrapper xzqv-flex-column-wrapper-legacy"><img decoding="async" class="alignleft size-full wp-image-6079" alt="Zwei Fotos nebeneinander zeigen denselben runden Backsteinturm: eines bei Nacht, beleuchtet von Lichtern, und eines am Tag bei natürlichem Licht." src="https://flaesheim.freizeit-oasen.de/fo-uploads/2014/04/Siebenteufelsturm.jpg" width="200" height="101" /></p>
<div class="xzqv-clearfix"></div></div></div>
<div class="xzqv-layout-column xzqv_builder_column xzqv-builder-column-4 xzqv_builder_column_2_3 2_3 xzqv-two-third xzqv-column-last" style="--awb-bg-size:cover;width:66.666666666667%;width:calc(66.666666666667% - ( ( 4% ) * 0.66666666666667 ) );"><div class="xzqv-column-wrapper xzqv-flex-column-wrapper-legacy">
<h3>Siebenteufelsturm</h3>
<p>Als Zeugnis der Geschichte stehen ein Rest der Stadtmauer aus dem 16. Jahrhundert und der &#8222;Siebenteufelsturm&#8220;, der im Jahre 1502 erbaut wurde. Seit 1996 wird das Monument im Rahmen der Aktion &#8222;Lichtzeichen&#8220; in den Herbst-/Wintermonaten in außergewöhnlicher, attraktiver Weise illuminiert. Der Teich mit dem &#8222;Holzweg&#8220; erinnert heute an den alten Stadtgraben, der einst die ganze Stadt umschloss und aus der Lippe gespeist wurde.</p>
<p><span class="partner_link"><div class="xzqv-clearfix"></div></div></div></span></p>
<div class="xzqv-layout-column xzqv_builder_column xzqv-builder-column-5 xzqv_builder_column_1_1 1_1 xzqv-one-full xzqv-column-first xzqv-column-last xzqv-column-no-min-height" style="--awb-bg-size:cover;--awb-margin-bottom:0px;"><div class="xzqv-column-wrapper xzqv-flex-column-wrapper-legacy"><div class="xzqv-sep-clear"></div><div class="xzqv-separator xzqv-full-width-sep" style="margin-left: auto;margin-right: auto;margin-top:21px;margin-bottom:21px;width:100%;"><div class="xzqv-separator-border sep-single" style="--awb-height:20px;--awb-amount:20px;border-color:var(--awb-color6);border-top-width:1px;"></div></div><div class="xzqv-sep-clear"></div>
<div class="xzqv-clearfix"></div></div></div><div class="xzqv-layout-column xzqv_builder_column xzqv-builder-column-6 xzqv_builder_column_1_3 1_3 xzqv-one-third xzqv-column-first" style="--awb-bg-size:cover;width:33.333333333333%;width:calc(33.333333333333% - ( ( 4% ) * 0.33333333333333 ) );margin-right: 4%;"><div class="xzqv-column-wrapper xzqv-flex-column-wrapper-legacy"><img decoding="async" class="alignleft size-full wp-image-6081" alt="Ein modernes Glasgebäude mit schrägem Dach und Metallgerüst, umgeben von Gras und Bäumen, mit einer kleinen Fußgängerbrücke über einen Graben davor." src="https://flaesheim.freizeit-oasen.de/fo-uploads/2014/04/LWL_Roemermuseum.jpg" width="290" height="210" /></p>
<div class="xzqv-clearfix"></div></div></div>
<div class="xzqv-layout-column xzqv_builder_column xzqv-builder-column-7 xzqv_builder_column_2_3 2_3 xzqv-two-third xzqv-column-last" style="--awb-bg-size:cover;width:66.666666666667%;width:calc(66.666666666667% - ( ( 4% ) * 0.66666666666667 ) );"><div class="xzqv-column-wrapper xzqv-flex-column-wrapper-legacy">
<h3>LWL-Römermuseum</h3>
<p>Vor etwa 2000 Jahren geriet der heutige westfälische Raum in den Blickpunkt der Weltgeschichte, als römische Truppen die Lippe aufwärts marschierten. Ergebnisse aus fast 100 Jahre archäologischer Forschung sind heute im LWL-Römermuseum in Haltern am See zu erleben. Die Exponate, nicht mehr in ihrem ursprünglichen historischen Zusammenhang verfügbar, ergeben im Kontext mit Abbildungen, erläuternden Texten und Modellen ein lebendiges Bild der Zeit um Christi Geburt in unserem Raum.</p>
<p>Frei aufgestellte Großexponate und Rekonstruktionen wichtiger Fundzusammenhänge ergänzen die Exponate in den Vitrinen. Texte antiker Schriftsteller vermitteln ein Bild der Germanen in jener Zeit. Tonprogramme und Videos lassen den Besucher teilnehmen an Ereignissen, die damals die Welt bewegten.<br />
<span class="partner_open">Öffnungszeiten: dienstags-freitags 9-17 Uhr, samstags u. sonntags 10-18 Uhr<br />
</span></p>
<p><span class="partner_adress"><strong>LWL &#8211; Römermuseum</strong><br />
Weseler Straße 100<br />
45721 Haltern am See<br />
Tel. +49 (0) 236409376-0</span></p>
<p>Website: <a href="http://www.lwl-roemermuseum-haltern.de">www.lwl-roemermuseum-haltern.de</a><div class="xzqv-clearfix"></div></div></div></div></div>
